*2 + z - 5. Let x(o) = -o**3 - 5*o**2 + 17*o + 21. Let g be x(-7). Give f(g).
-3
Let n(i) be the third derivative of 2/3*i**3 - 6*i**2 + 0 + 0*i + 1/3*i**4 - 1/60*i**5. Calculate n(8).
4
Let q(d) = -26 + 26 + d**2 + 5*d**2 + 5*d. Let x(k) = 7*k**2 + 5*k - 1. Let h(j) = 6*q(j) - 5*x(j). Calculate h(-4).
1
Let o(y) = -8*y - 6. Let l(m) = 7*m + 5. Let i(w) = -7*l(w) - 6*o(w). Give i(-5).
6
Let p(g) = -g**3 + g**2 + g - 9. Let i(a) = a**2 - 8*a + 12. Let y be i(2). Calculate p(y).
-9
Let s(h) = -h**3 - 5*h**2 + 2*h + 3. Let i be (2/1)/(-2) + 3. Suppose -2*u - 20 = i*u. What is s(u)?
-7
Let d(s) be the second derivative of s**5/20 - s**3/2 + s**2/2 + 2*s. Let x(m) = -22 + 22 + m. Let t be x(2). Give d(t).
3
Let l(t) = t - 5. Let b be l(-3). Let z(v) = v + 7. Let g be z(b). Let j(w) = 2*w**3 - w**2 - w - 1. Give j(g).
-3
Let l(i) be the third derivative of i**5/30 - i**4/8 - i**3/2 - 6*i**2. Suppose 5*a = a - 2*m - 16, -a - 4*m = 18. Determine l(a).
11
Let z(j) be the third derivative of j**6/120 - j**5/12 + j**4/12 - 4*j**2. Let o(b) = -2*b - 3. Let r be o(-3). Calculate z(r).
-12
Let x(c) = c**2 - 6*c + 7. Let b = -9 + 14. Let h(l) = l + 1. Let m be h(b). Determine x(m).
7
Let k(c) = c**3 + 7 - 7 - 2*c + 3*c**2. Let s = 2 - -2. Suppose -2*l - 9 = -h, -s*l + h = -4*h + 27. Give k(l).
6
Let j = -14 - -18. Suppose -2*l - 30 = -5*l. Let g(t) = 3 + 2 - j + l*t. What is g(-1)?
-9
Suppose -4*n + 0*t + t = -8, 5*n - 10 = -5*t. Let o(b) = -4*b + 6. Let r(z) = -4*z + 5. Let j(x) = n*o(x) - 3*r(x). Determine j(2).
5
Suppose -3*d - 8 = h - 26, 3*h + 3*d = 24. Suppose -20 = f + 5*z, -2*f - 12 = -3*f + h*z. Suppose f*l + 4*l = 0. Let u(b) = b**2 + b - 7. Determine u(l).
-7
Let z be 1 - (-6 + -2 + 3). Suppose -u = -z*u. Let k(n) = -3 - n + 5 + 5. Determine k(u).
7
Let s(i) = -i**3 + i + 5. Let j be s(0). Let u be 8 - (0 - (1 + 0)). Let n = j - u. Let q(v) = v**2 + 3*v + 1. Calculate q(n).
5
Let m(t) be the third derivative of t**6/120 - t**5/12 - 2*t**3/3 + t**2. Suppose 3*x = 4*x - 5. Determine m(x).
-4
Let o(z) = -5*z**2 + 4*z + 3. Let l(b) = 6*b**2 - 3*b - 2. Let m(q) = -3*l(q) - 2*o(q). Let x be (-16)/(-6) + 24/18. Suppose -f + x = 3*f. Calculate m(f).
-7
Let r(d) = 3 - 3 - d - 3. Let v = -8 + 3. What is r(v)?
2
Let b = 77 - 84. Let w(i) = -i - 3. What is w(b)?
4
Suppose 4*g - 3*y - 27 = -0*g, 2*y + 10 = 0. Let v(m) = -m - 3*m - g*m - 2 + 5*m. Determine v(-2).
2
Suppose -2*m - 2*m = -12. Suppose -m*b + 1 = -4*b. Let f(j) = 2*j**3 + 1. Calculate f(b).
-1
Let h be (-3)/(-2) + 3/6. Suppose -4*o + o = 0. Let s(i) = -3 + 5*i + o*i**2 + 2*i**2 - 3*i**2 + 0*i. Calculate s(h).
3
Let w(o) = -o. Let q = 42 - 37. Determine w(q).
-5
Suppose -2 = -5*f + 4*f. Let g(t) be the first derivative of -t**5/40 + t**4/24 - 2*t**3/3 - 2. Let d(p) be the third derivative of g(p). Calculate d(f).
-5
Suppose -t + 3*p = -6, -5*t + 5*p = -0*p - 30. Let a(d) = 5*d**2 + 6*d + 6. Let w(c) = -c**2 - c - 1. Let x(h) = t*w(h) + a(h). Let m = -1 - 0. Calculate x(m).
-1
Let z = 13 + -9. Let k(x) be the first derivative of 2*x**3/3 - 3*x**2 + x - 2. Calculate k(z).
9
Let h = 90 - 95. Let v(z) be the third derivative of -z**5/60 - z**4/8 + 2*z**2. What is v(h)?
-10
Suppose -4*r - 5*s = 8, -3*s - 19 = -3*r + 2. Let l(m) = -2*m - 1. Calculate l(r).
-7
Let d(w) be the third derivative of 1/12*w**4 + 0 - 1/60*w**5 - 1/6*w**3 + w**2 + 0*w. Calculate d(2).
-1
Let i(s) = -15*s + 11. Let n(x) = 7*x - 5. Let t(z) = -6*i(z) - 13*n(z). Let w(m) = -m**3 - 5*m**2 - 4*m + 3. Let l be w(-4). Give t(l).
-4
Let d = 29 - 23. Suppose -2*r - 8 = -d*r. Let x(u) = 3*u - 2. Calculate x(r).
4
Suppose 5*o - 16 = 4. Let m(s) be the second derivative of -s**3/3 - s**2/2 - 12*s. Calculate m(o).
-9
Let h(l) = -2*l - 5*l + 5*l + 7. Let n(j) = j + 4. Let g be n(-11). Let u be (-8)/28 + (-37)/g. Determine h(u).
-3
Let r = 33 + -13. Suppose -4*f = -5*p + 2, -5*p - 6 = 2*f - r. Suppose -2 = -p*o - 0. Let s(y) = 6*y**3 - y**2 + 2*y - 1. Calculate s(o).
6
Let c be -3*12/(-9) - 7. Let n(y) = 2*y**2 + 2*y. Calculate n(c).
12
Let j(k) = 5*k. Let f = -49 + 48. Determine j(f).
-5
Let s(t) = 12*t + 3. Let w(q) = -11*q - 2. Let u(b) = -3*s(b) - 4*w(b). Let k(d) = 7*d. Let c(h) = 4*k(h) - 3*u(h). Suppose -11 = 6*o + 7. Calculate c(o).
-9
Suppose 0 = 2*u - 2*w - w + 12, -5*w = 5*u + 5. Let x(d) = -d**3 + 1. Let v(h) = 3*h**3 + 3*h**2 + 3*h + 2. Let r(s) = -v(s) - 2*x(s). What is r(u)?
5
Let j = 100 - 106. Let g(o) = -5*o - 1. Determine g(j).
29
Let f(h) = -h**3 + 12*h**2 + h + 6. Let a be f(12). Let u = a - 13. Let x(n) = n**2 - 2*n - 1 - 3*n + n. Calculate x(u).
4
Let t(w) = w - 9. Let c be t(8). Let l(o) be the third derivative of 7*o**4/24 - o**3/6 + 8*o**2. Give l(c).
-8
Let x be (-1)/(-2*3/6). Let k(f) = f**2 - 2*f + 1. Give k(x).
0
Let p(f) be the second derivative of f**6/360 + 7*f**4/24 + f**3/3 + f. Let k(n) be the second derivative of p(n). Give k(0).
7
Let w(k) = 4 + k**2 - 5 + 0*k**2. Let v(i) = i - 9. Let s be (21/(-6))/((-2)/4). Let c be v(s). What is w(c)?
3
Let v be -1 + (-1 - -1*20). Suppose -2*g - 5*o = -v, -g + 0 = -3*o + 13. Let w(q) = 12*q**2 - q. Determine w(g).
13
Let x(y) = 3*y**2 + 1. Suppose -3*p = 5*q + 10, -q + 6*p + 26 = p. Calculate x(q).
4
Suppose 3*a = -a. Suppose -2 = -2*m - a*m. Let v(h) = -7*h**2 + 2*h - 1. Give v(m).
-6
Suppose 2*t - 3*c + 2*c - 6 = 0, -3*t = 3*c. Suppose -r = t*r - 3. Let d(n) = -4*n**3 - n**2 + 1. What is d(r)?
-4
Suppose -2*n = 2*n + 5*k - 7, 3*k = 2*n - 9. Let g(o) = -5 - 2 + 2*o + n. Suppose x + 3*w - 7*w - 16 = 0, 2*x - 14 = 2*w. Give g(x).
4
Let l(t) = -8 + 2*t + 3 + 4 + 2. Determine l(1).
3
Let o(n) = 3*n**3 + 2*n**2 + n. Let u be o(-1). Let r(t) = -4*t + 5*t - 2*t**3 + t**3 + 0*t**3. Give r(u).
6
Let r(k) = k + 1. Let x = -128 + 126. Give r(x).
-1
Let m(a) = -a**2 + a. Let v(t) = -t**3 + 3*t**2 - 4*t. Let l(o) = -4*m(o) - v(o). Suppose 17 = -2*b + 13. What is l(b)?
-4
Let f(z) = -13*z**2 - 2*z + 1. Suppose 11 = 3*u - j, 2*j - 7 = 1. Suppose 2*b - 1 = k + 5, -5*k = -u*b + 25. Determine f(b).
-14
Let c(f) = 7*f + 7 - 3 + 2*f**2 - f**2. Determine c(-6).
-2
Let b be ((-6)/15)/((-1)/5). Let t(i) = -i**3 - 3 + 0 + 0*i**b + i**2 - i. Let p = -9 - -9. Give t(p).
-3
Let y(n) = 2 - 2*n**2 + 2 + 5*n + 3*n**2. Determine y(-4).
0
Suppose 4*s = -5*d + 15, -d - 3*s - 12 = -5*d. Suppose -3*n = -3*w + d, -2*w - 4 + 0 = -5*n. Let c(g) = g**3 - 5*g**2 + 3*g + 4. Determine c(w).
-5
Suppose 4*y - y = 0. Let g(t) = t - 2. What is g(y)?
-2
Suppose -4*x = -37 - 15. Suppose -x*l + 6 = -11*l. Let n(z) = z**3 - 4*z**2 + 3*z - 2. Give n(l).
-2
Let i(r) be the second derivative of -r - 1/2*r**3 + 0 + 3*r**2. Calculate i(4).
-6
Let p(h) = 2*h - 5. Let y = -79 - -84. Calculate p(y).
5
Let i(k) = -7*k + 3. Suppose 4*m = -5*v + 3, 5*m - 10 - 3 = 3*v. Calculate i(m).
-11
Let l(o) = 3*o**2 + 4*o. Let j = -146 - -143. Determine l(j).
15
Let w(n) = -n**2. Let g(l) = 4*l**2 - 4*l - 1. Let m(q) = g(q) + 3*w(q). Let a be (-1)/((-16)/(-18) - 1). Let o = a + -6. Give m(o).
-4
Let h(w) = 7*w - 2. Let d(s) = 2*s**3 - 9*s**2 + 2*s + 6. Let z be d(4). Give h(z).
-16
Let j(y) be the first derivative of -6*y + 3 - 3*y**2 + 1/4*y**4 + y**3. Calculate j(-4).
2
Let h = -13 - -18. Let c(o) = 2*o - 1 - 1 + h + 3. Determine c(-5).
-4
Let g(u) = 3*u + 22. Suppose 0 = 4*q + 4*m + 24, -84 + 27 = 5*q - 4*m. Let b be g(q). Let y(d) = -d**2 - 3*d + 6. What is y(b)?
-4
Suppose 0 = -y - 3 - 3. Let q = -5 - -5. Let n(w) = q + 0 - w - 1. What is n(y)?
5
Let t(y) = -y**2 + 6*y - 8. Let b be (4/6)/((-2)/(-18)). What is t(b)?
-8
Let d = -14 + 8. Let c = -8 - -14. Let t = d + c. Let x(h) = -h**3 - h - 10. What is x(t)?
-10
Let z be (4/3)/(4/6). Let h = -2 - z. Let a(n) = n**3 - 5*n**2 - n - 5. Let j(g) = 4*g**3 - 16*g**2 - 5*g - 15. Let w(c) = 7*a(c) - 2*j(c). Give w(h).
-1
Let o(j) = -2*j - 7. Let m(l) = l**3 - 8*l**2 + 7*l + 3. Let f be m(7). Suppose -2*g = -q + 3 + 9, -f*g - q = 18. Give o(g).
5
Let o(b) = b + 21. Let z(f) = -f**3 - 6*f**2 + 7*f. Let m be z(-7). Determine o(m).
21
Let a(o) be the first derivative of -o**7/840 - o**6/360 - o**5/120 + o**4/24 - 5*o**3/3 - 5. Let u(y) be the third derivative of a(y). Calculate u(0).
1
Let h = 12 - 13. Let w(a) be the second derivative of a**6/240 - a**5/120 + a**4/12 + a. Let l(k) be the th